))?
3
Let u(i) = 9*i**2 + 22*i + 108. List the prime factors of u(-5).
223
Let k(f) = 2*f**2 - 23*f + 5. Let t be k(9). Suppose -3*s + 30 = -6*s. What are the prime factors of (-105)/(-4) - s/t?
2, 13
Suppose -13*y = -8*y - 60. Suppose 0 = -4*i + r - 0*r + 161, 4*r = y. List the prime factors of i.
41
Let m(w) = -4*w**2 - 57*w - 31. Let p(i) = -i**2 - 19*i - 10. Let l(u) = 2*m(u) - 7*p(u). List the prime factors of l(17).
2, 3, 7
Let w(f) be the second derivative of 5*f**3/6 + f**2 - 5*f. Let r be w(1). Let p(t) = t. List the prime factors of p(r).
7
Let n(o) be the second derivative of -o**3/3 + 2*o**2 - o. Let c be n(2). Suppose v + 2*v - 15 = c. List the prime factors of v.
5
Let a be (-10)/15*-3 - -154. Let g = -109 + a. What are the prime factors of g?
47
Let h(z) = 3*z**3 + 18*z**2 - 12*z - 9. What are the prime factors of h(5)?
2, 3, 7
Let t(o) = 36*o + 5. Let u be t(6). Let p = u - -40. List the prime factors of (p/(-27))/(1/(-3)).
29
Let y(j) = 42*j**2 + 3*j - 1. Let s = 24 + -22. List the prime factors of y(s).
173
Let y(s) = -s**3 - 5*s**2 - 4*s - 3. Let u be y(-4). Let b(x) = 13*x**2 - 4*x - 8. List the prime factors of b(u).
11
Let q(a) = a + 4. Let m be q(-4). Suppose 4*n + 4*x - 108 = m, 3*x = 3*n + 38 - 101. What are the prime factors of n?
2, 3
Suppose -4*q + 3 = -k, -4 = 4*k - 3*k - 5*q. Let d be 74 - (0 - (k - 1)). Suppose -4*v + d = -30. What are the prime factors of v?
2, 13
Let v be (18/(-63))/((-1)/7). Suppose -v*j = j - 192. Suppose 0*t - 2*t + j = 0. What are the prime factors of t?
2
Let d(p) = 5*p**3 - 15*p**2 - 18*p + 5. Let w(z) = 14*z**3 - 46*z**2 - 54*z + 16. Let k(j) = -11*d(j) + 4*w(j). List the prime factors of k(20).
7
Let k = 24 + -3. Let f(w) = -w**3 + 7*w**2 - 11*w - 1. Let g be f(5). Let v = g + k. List the prime factors of v.
3, 5
Suppose -34*g + 32*g = 0. Suppose g = p + 4*n - 15, -4*n - n = -5*p. Suppose -p*t + 51 - 6 = 0. List the prime factors of t.
3, 5
Let f be (45/18)/((-2)/44). What are the prime factors of 2/10*f/(-22)*10?
5
Let q(n) = -n**3 - n**2 - n - 307. Let w be q(0). Let o = -179 - w. List the prime factors of o.
2
Suppose 21*p = 24*p. Suppose p = 6*j - 152 - 142. Suppose 3*d + 11 - 38 = -v, 3*v = 4*d - j. What are the prime factors of d?
2, 5
Let g(n) = 65*n - 119. List the prime factors of g(13).
2, 3, 11
List the prime factors of -1*(-1)/(-4) - 196006/(-184).
3, 5, 71
Let r be (1 - (-656)/(-6))*(-9 + 12). Let y = r + 516. What are the prime factors of y?
191
Let n = -1743 - -4763. What are the prime factors of n?
2, 5, 151
Let v(i) = -174*i - 72. What are the prime factors of v(-4)?
2, 3, 13
Let b = 17 - -7. Suppose x + b = -x. List the prime factors of (4/(-5))/(x/570).
2, 19
Suppose -2*q + 3*q = 4. Suppose 5*y - q*x = 0, 0*x = -5*y - x. Suppose y = 6*v + 2*v - 176. What are the prime factors of v?
2, 11
Let u = -905 + 4461. What are the prime factors of u?
2, 7, 127
Suppose u - 13 - 7 = 0. What are the prime factors of 30/u - (-6)/4?
3
Let k be (-144)/(-27) - (-2)/(-6). Suppose 2*o = -5*v + 55, -2*v + 7*v = k. List the prime factors of o.
5
Suppose 56*g = 60*g + 920. Let t = -123 - g. What are the prime factors of t?
107
Let i be (-8)/6*(-1053)/18. Suppose -3*w = -i - 96. List the prime factors of w.
2, 29
Suppose 2*h + 2*h = 1428. What are the prime factors of h?
3, 7, 17
Let t(g) = 13*g**2 + 5*g - 10. Let a(f) = 12*f**2 + 5*f - 9. Let h(x) = 4*a(x) - 3*t(x). What are the prime factors of h(-5)?
2, 97
Let x(a) = -2*a**2 - 13*a - 2. Let u be x(-5). List the prime factors of 237 - u - (-2)/(-2).
223
Let x(i) = i**2 - 6*i + 8. Let w be (42/(-24))/((-2)/16). Let r be (w/6)/(-1)*-3. What are the prime factors of x(r)?
3, 5
Let r(c) = c + 12. Let g be r(-9). Suppose g*u - 8 = -u. Suppose 104 = 6*b - u*b. What are the prime factors of b?
2, 13
List the prime factors of (-2)/((-14)/6991) + (-12)/(-42).
3, 37
Suppose -5*g + 11 = y, -5*y = -g + 31 - 8. Suppose -73 = -5*k - g*b - 0*b, 2*k = 5*b + 23. List the prime factors of k.
2, 7
Let j(q) = -q**3 - 7*q**2 + 13*q + 3. List the prime factors of j(-9).
2, 3
Suppose 150 = 17*o - 20*o. Let b = -46 - o. List the prime factors of b.
2
Let u(w) = -w**2 + 32*w + 14. Let x = 132 - 110. What are the prime factors of u(x)?
2, 3, 13
Suppose 0*l + 2*l + 1715 = y, -5*y + 3*l + 8589 = 0. List the prime factors of y.
3, 191
Suppose -5*t + 49 = -4*j, 10*t - 13*t - 9 = 4*j. Let i(f) be the third derivative of f**5/60 + f**4/6 + 7*f**3/6 + f**2. What are the prime factors of i(j)?
19
Suppose -4*q = -456 - 248. Suppose 4*o = -2*v + q, 3*o + 4*v = 38 + 99. What are the prime factors of o?
43
Let f(j) = 470*j**2 + 34*j + 66. List the prime factors of f(-2).
2, 3, 313
Let k be (21/2 + -3)*128/6. Let w = k - 99. List the prime factors of w.
61
Let h be 1*(2 - 0)*2. Suppose h*x - x = 0. Suppose 2*u - 5*d = 28, x = -u - 3*d + 2*d + 28. What are the prime factors of u?
2, 3
Suppose -4 = 3*k - 16. Suppose 0*z + 50 = 4*p - z, 46 = k*p + z. Let j = 24 + p. What are the prime factors of j?
2, 3
Suppose -7*g + 7224 = 14*g. What are the prime factors of g?
2, 43
Let b(c) = 32*c**2 + 2*c - 8. What are the prime factors of b(4)?
2
Let h(d) = -1 + 1 + 1 - d**3 + 3 - 9*d + 9*d**2. List the prime factors of h(5).
59
Let s(j) = j**2 - 7*j + 10. Let n(d) = -2*d**2 + 14*d - 20. Let q(c) = 2*n(c) + 5*s(c). List the prime factors of q(7).
2, 5
Suppose -69*b + 311200 = 11*b. List the prime factors of b.
2, 5, 389
Let c = 1942 + -866. What are the prime factors of c?
2, 269
Suppose 0 = -2*d - 3*d + 50. Let i = 7 - d. Let a = i + 41. What are the prime factors of a?
2, 19
Suppose 0 = 10*q - 4*q - 180. Let u = q + -27. List the prime factors of u.
3
Suppose 3*b = 12, -3*s + 7*b - 2*b = 8. Suppose -5*m = -s*k - 457, -m + 451 = 4*m - 2*k. What are the prime factors of m?
89
Suppose z + 9 = 3*s, -5*z + 3 = s - 0. Let d(u) = 3*u**2 + 8*u - 4*u**2 - 9*u + 19 + 15 - u**3. List the prime factors of d(z).
2, 17
Let n(o) = -120*o**2 + 3*o - 7. Let j be n(2). Let l = 728 + j. List the prime factors of l.
13, 19
Suppose 6*b - 7799 = -2531. What are the prime factors of b?
2, 439
List the prime factors of ((-8364)/(-36))/((-6)/(-54)).
3, 17, 41
Let l(q) = -14*q**2 - q. Let x(b) = -b**3 - 12*b**2 - 12*b - 12. Let v be x(-11). Let y be l(v). List the prime factors of (-3)/(4/(1 + y)).
3
Suppose 0 = -3*m - 9, r - 9 = 2*r + m. Let a(k) be the second derivative of k**4/12 + k**3/2 - k**2 - 9*k. List the prime factors of a(r).
2
Suppose 0 = -c + 3*m + 28, -4*m - 173 = -3*c - 2*c. List the prime factors of c.
37
Suppose 5*m = -0*m - v + 2134, -5*v - 1684 = -4*m. Let o = m - 283. What are the prime factors of o?
11, 13
What are the prime factors of (-2)/(-10 + 56874/5688)?
2, 3, 79
Let r(c) = -5*c**2 - 41*c - 12. What are the prime factors of r(-6)?
2, 3
Let x = 370 + -221. List the prime factors of x.
149
Let u(y) = -y**2 + 5*y + 5. Let r be u(5). Suppose -310 = -15*l + 140. Suppose l = -r*i - 4*d + 211, 0 = 3*i - 4*d - 83. What are the prime factors of i?
3, 11
Let p(o) = -4*o - 8 + 4 - 91*o**3 + 21*o**3. What are the prime factors of p(-1)?
2, 5, 7
Suppose 2*x - 5*a + 14 = 0, -4*x + 0*x - a = -16. Suppose 0 = -x*l + 5*l - 20. What are the prime factors of l?
2, 5
Let x(s) = 4*s**2 - 18*s - 19. Let n be x(9). Let j = n - 70. List the prime factors of j.
73
Let u(b) be the second derivative of -b**5/20 + 2*b**4/3 + 11*b**3/6 - 13*b**2/2 + 6*b. Let d be -15*(-3)/(9/3 - -2). What are the prime factors of u(d)?
5
Let o(j) = -j**3 + 10*j**2 - 15*j - 6. Let v be o(8). Suppose -300 = -3*f + v*r - r, r - 294 = -3*f. List the prime factors of f.
3, 11
Suppose 15 = -2*o - 3*u, 2*o - 29 = 5*u - 4. Let x(d) = d**3 - d**2 - d + 41. What are the prime factors of x(o)?
41
List the prime factors of (-3 - -27)/(3/26).
2, 13
Let v(p) = -p**2 - p + 1. Let t(h) = 4*h**2 - 5*h - 18. Let x(w) = t(w) + 2*v(w). List the prime factors of x(-8).
2, 3, 7
Let z(q) = 2*q + 17. Let p be z(-8). What are the prime factors of -3 + (-1 - p) + 9?
2
Suppose -5*s + z + 2050 = 0, 5*z = -s - 0*s + 436. List the prime factors of s.
3, 137
Suppose 9*l = 10*l - 5. Let h be ((-2 - -2) + l)*1. Suppose h*g - 30 = 3*g. What are the prime factors of g?
3, 5
Let t(i) = -4*i**2 + 5*i + 5. Let a be t(-2). Let o = a - 12. Let j = 54 + o. List the pr